{"id":35,"date":"2020-04-12T19:36:19","date_gmt":"2020-04-12T17:36:19","guid":{"rendered":"http:\/\/www.hebel77.de\/?page_id=35"},"modified":"2021-01-03T18:40:12","modified_gmt":"2021-01-03T17:40:12","slug":"anmeldung-nur-fuer-klasse-13d","status":"publish","type":"page","link":"https:\/\/www.hebel77.de\/index.php\/anmeldung-nur-fuer-klasse-13d\/","title":{"rendered":"Anmeldung f\u00fcr Klassenkameraden"},"content":{"rendered":"<p><strong>Hallo liebe Klassenkammerad*Innen der 13d!<\/strong><\/p>\n<p>Diese Seite erkl\u00e4rt Euch den Zugriff auf unsere internen, denn nur registrierte Klassenkammerad*Innen d\u00fcrfen alle Infos z.B. unsere alten Bilder anschauen.<\/p>\n<p>Wenn Ihr auf den Hebel77-Mitgliederbereich zugreifen wollt, m\u00fcsst Ihr das so erledigen:<\/p>\n<ul>\n<li>Erst mal pers\u00f6nliche Login-Daten f\u00fcr den Mitgliederbereich von hebel77.de per Email bei mir (Martin Keller) anfordern<\/li>\n<li>Dann warten bis Registrierungs-Emails kommen<br \/>\n(Das kann 1 Tag dauern)<\/li>\n<li>Einloggen und Mitglieder-Bereich erkunden<\/li>\n<\/ul>\n<p>Sieht vieleicht kompliziert aus, geht aber ganz einfach so:<\/p>\n<ul>\n<li>Pers\u00f6nliches Login per email anfordern:<br \/>\n<a href=\"mailto:keller_martin_hugo@yahoo.de?subject=Freischaltung%20hebel77.de&amp;body=Hallo%20Martin,%0D%0A%0D%0Aich%20will%20mich%20auf%20hebel77.de%20freischalten%20lassen%0D%0A%0D%0AVorname:%20%20%0D%0ANachname:%20%20%0D%0A%0D%0ADanke!\">Hier klicken um eigenes Login per E-Mail anzufordern<\/a><\/li>\n<li>Warten auf Registrierungs-E-Mails und eigenes Passwort lt. Anleitung in der Registrierungs-E-Mail selbst w\u00e4hlen.<\/li>\n<li>Wenn Ihr dann angemeldet\/registriert seid:<br \/>\n<a href=\"https:\/\/www.hebel77.de\/index.php\/h77-login\/\">Login zum Hebel77 Mitgliederbreich<\/a><\/li>\n<\/ul>\n<p><strong>Ich freue mich auf Eure Anmeldungen!<br \/>\nEuer Martin (Ada) Keller<br \/>\n<\/strong><\/p>\n","protected":false},"excerpt":{"rendered":"<p>Hallo liebe Klassenkammerad*Innen der 13d! Diese Seite erkl\u00e4rt Euch den Zugriff auf unsere internen, denn nur registrierte Klassenkammerad*Innen d\u00fcrfen alle Infos z.B. unsere alten Bilder anschauen. Wenn Ihr auf den Hebel77-Mitgliederbereich zugreifen wollt, m\u00fcsst Ihr das so erledigen: Erst mal pers\u00f6nliche Login-Daten f\u00fcr den Mitgliederbereich von hebel77.de per Email bei mir (Martin Keller) anfordern Dann [&hellip;]<\/p>\n","protected":false},"author":1,"featured_media":0,"parent":0,"menu_order":0,"comment_status":"closed","ping_status":"closed","template":"","meta":{"footnotes":""},"class_list":["post-35","page","type-page","status-publish","hentry"],"_links":{"self":[{"href":"https:\/\/www.hebel77.de\/index.php\/wp-json\/wp\/v2\/pages\/35","targetHints":{"allow":["GET"]}}],"collection":[{"href":"https:\/\/www.hebel77.de\/index.php\/wp-json\/wp\/v2\/pages"}],"about":[{"href":"https:\/\/www.hebel77.de\/index.php\/wp-json\/wp\/v2\/types\/page"}],"author":[{"embeddable":true,"href":"https:\/\/www.hebel77.de\/index.php\/wp-json\/wp\/v2\/users\/1"}],"replies":[{"embeddable":true,"href":"https:\/\/www.hebel77.de\/index.php\/wp-json\/wp\/v2\/comments?post=35"}],"version-history":[{"count":27,"href":"https:\/\/www.hebel77.de\/index.php\/wp-json\/wp\/v2\/pages\/35\/revisions"}],"predecessor-version":[{"id":589,"href":"https:\/\/www.hebel77.de\/index.php\/wp-json\/wp\/v2\/pages\/35\/revisions\/589"}],"wp:attachment":[{"href":"https:\/\/www.hebel77.de\/index.php\/wp-json\/wp\/v2\/media?parent=35"}],"curies":[{"name":"wp","href":"https:\/\/api.w.org\/{rel}","templated":true}]}}